mainder when -150*(-2 - 12/(-8)) is divided by x.
5
Let o(c) = 13*c**2 + 15*c - 36. Suppose -z - 2 = 4*a, 47*z - 7 = 45*z + 3*a. Calculate the remainder when o(z) is divided by 16.
14
Let d(q) = 4*q**2 + 22*q - 738. Let u(p) = 7*p**2 + 4*p + 3. Calculate the remainder when d(-17) is divided by u(-2).
21
Let o(p) = -628*p - 1627. What is the remainder when o(-3) is divided by 108?
41
Suppose -52 = -o - 4*r, -73*r - 12 = -77*r. What is the remainder when 318 is divided by o?
38
Let x(z) = -80*z**2 - 255*z - 12. What is the remainder when 293 is divided by x(-3)?
29
Suppose 5*a + 3 = w, 16*a + 9 = 3*w + 15*a. Calculate the remainder when 362 is divided by w.
2
Let b = 405 + -342. Calculate the remainder when 1447 is divided by b.
61
Let s(y) = y**2 + 2*y - 5. Let i be s(-4). Suppose -2*m - i*d = m - 30, d + 15 = 4*m. Suppose 4*n + m = 5*n. Calculate the remainder when 9 is divided by n.
4
Let u be (-4)/(-22) - 6/33 - 44. Let v = -32 - u. Let k(i) = i**3 - 13*i**2 + 14*i + 29. Calculate the remainder when k(v) is divided by 19.
15
Let d = 5523 + -5485. Calculate the remainder when 428 is divided by d.
10
Suppose 0 = -t - 4*b + 3, b + 0 = 3*t - 9. Suppose -t*z = -5*w + 310, w + 2*z + 5 - 54 = 0. Calculate the remainder when 523 is divided by w.
51
Let w(y) = -2*y + y**2 + 5*y + 9 + 0*y. Suppose 19*b + 23*b - 16758 = -72*b. What is the remainder when b is divided by w(-7)?
36
What is the remainder when 2/(-36) + 1100057/3654 is divided by 78?
67
Let i be -1*(-4 + 8 - 3). Let j be 22 - ((i - -3) + 2). Calculate the remainder when 1152/j*1/2 is divided by 11.
10
Suppose -2*u - 1814 = 2*u + 3*x, 3*u + 3*x + 1362 = 0. Let g = u - -647. Calculate the remainder when g is divided by 70.
55
Let i(f) = -f**3 + 23*f**2 - 19*f - 65. Let k be i(22). Let q = -7 - -20. Calculate the remainder when 25 is divided by (q/(-26))/(k/(-1 + -27)).
11
Let n = -808 + 861. Let d = 11 - 6. Suppose 4*m = -4*b + 60, 0*m = 5*b - d*m - 65. What is the remainder when n is divided by b?
11
Let y(d) = 15*d**2 - 166*d + 1019. What is the remainder when y(6) is divided by 60?
23
What is the remainder when (-20556)/(-44) + 68/(-374) is divided by 17?
8
Suppose 3*p - 220 = 851. Suppose p - 1332 = -25*g. Calculate the remainder when 153 is divided by g.
36
Suppose 394*q - 381*q = 65. Calculate the remainder when 758 is divided by 75 - q/(-1 + -4).
74
Suppose -f - 6*f - 567 = 0. Let j = f + 104. Calculate the remainder when 275 is divided by j.
22
Let k = -28942 + 28985. Calculate the remainder when 11565 is divided by k.
41
Let x be (-131)/(-3) - (-16)/48 - -4. Suppose -3*d + 5*d = x. What is the remainder when 116 is divided by d?
20
Suppose -2*z = 5*w + 1 + 23, 5*z = 2*w - 2. Calculate the remainder when 16 is divided by -6 - (1 + -6) - 3*z.
1
Calculate the remainder when -1203*(104/(-12) - -8) is divided by 153.
37
Let w(d) = d**3 - 12*d**2 + 23*d - 20. Let a be w(10). Calculate the remainder when 103 is divided by (-48)/a*30/(-4).
31
Let m(h) = -h**3 + 7*h**2 + 4*h + 15. Let j be m(10). Let n = -228 - j. What is the remainder when 27 is divided by n?
10
Suppose 34 = 2*v - v - a, -4*v = -5*a - 136. Calculate the remainder when (-24)/60 + 2135/25 is divided by v.
17
Suppose -3*u = -6, -9*w + 4*w + 4*u = 288. What is the remainder when (-11 - w/7) + 4 is divided by 1?
0
Let q = 26 - 49. Let v be (-9)/(-36) - q/4. Suppose 8*h - 253 = v*h - o, -5*h - 2*o + 633 = 0. What is the remainder when h is divided by 16?
15
Let i(v) = 12*v + 366. Let l be i(-24). Suppose -11*a = -17*a + l. What is the remainder when 218 is divided by a?
10
Let x = 13 + -9. Suppose -131 - 77 = -x*f. Calculate the remainder when f is divided by 7.
3
Let z = 233 + -134. What is the remainder when z is divided by ((-16)/(-14) - (-5124)/(-196))/((-3)/3)?
24
Suppose 3*p + 3 = 0, 3*v + 155*p = 152*p + 111. What is the remainder when 416 is divided by v?
36
Suppose -u - 2*b = 8, -5*b = 4*u + 19 - 2. Suppose -5*z = -u*w + 273, -10*w + 3*z = -9*w - 134. Calculate the remainder when w is divided by 17.
13
Let a(j) = -23*j + 13. Let b = -4948 + 4964. What is the remainder when a(-9) is divided by b?
12
Let c be 58 + 3/6*8. Suppose -6 = -c*l + 59*l. Suppose -2*o - 2*z - z = -147, l*o - 3*z - 117 = 0. Calculate the remainder when o is divided by 23.
20
What is the remainder when (((-28)/3)/4)/(308/(-71148)) is divided by 154?
77
Let l(y) = -y**3 + 3*y**2 - 3*y + 5. Let x be l(2). Calculate the remainder when 86 - (48/9 - 5)*x is divided by 4.
1
Suppose -67*r + 5369 = 68*r - 4216. Calculate the remainder when 1275 is divided by r.
68
Suppose 3*b + 68 = 170. Suppose -z = 2*z + 126. Let q = -32 - z. What is the remainder when b is divided by q?
4
Suppose -36*y - 37 = -392 - 185. Calculate the remainder when 325 is divided by y.
10
Let s(l) = -l**3 + 3*l**2 - 15*l - 28. Let g be s(-5). Let c = g + -237. Calculate the remainder when c is divided by 7.
3
Let q = 339 - 694. Let h = 378 + q. Calculate the remainder when 45 is divided by h.
22
Let u(c) = 18*c**2 - 118*c - 113. Let j(k) = -k**2 + 7*k + 7. What is the remainder when u(-1) is divided by j(6)?
10
Suppose 0 = -5*k + 5, -3*k = 3*y - 0*k - 21. Let v = -17863 + 17920. What is the remainder when v is divided by y?
3
Suppose 0 = -9*x + 11*x + 876. What is the remainder when 1 + x/(-4) - 20/(-40) is divided by 19?
16
Let z be 140 + (-24)/21*(-21)/6. Let p = 158 - z. Calculate the remainder when 52 is divided by p.
10
Suppose 791*d = 780*d + 429. Calculate the remainder when 3945 is divided by d.
6
Suppose -s - 2*s = 4*t - 71, 5*t - 82 = 3*s. Let m(v) = -5*v + v + 17 - t*v**2 - 3*v + 18*v**2. Calculate the remainder when 63 is divided by m(7).
12
Suppose -2*p - p = 5*d - 621, -2*d + 4*p + 290 = 0. Calculate the remainder when 750 is divided by d.
105
Let v be (-10)/(-5)*(2611/2)/(-7). Let j = v + 389. What is the remainder when 59 is divided by j?
11
Let a(g) = -3*g**2 + 6*g**2 - 21 - 2*g**2 + 11*g. Calculate the remainder when 33 is divided by a(-13).
3
Suppose 5*l - 7233 = -3*n, -3*l + 4823 = -5*n + 7*n. Calculate the remainder when n is divided by 23.
1
Let b(x) = 243*x - 2174. What is the remainder when 19 is divided by b(9)?
6
Suppose -35 = 4*s - w - 76, 2*s = 6*w - 18. Calculate the remainder when 4065 is divided by s.
9
Let q(c) = c - 1. Let z(p) = 3*p - 6. Let j(s) = 15*q(s) - z(s). Let k be j(-3). What is the remainder when 9 is divided by (k/75)/((-2)/10)?
0
Suppose m + 0*m + 5*g = 37, 3*m = -2*g + 46. Let c(p) = 11 - 34*p - 54 - 15 - p**2. Calculate the remainder when c(-31) is divided by m.
11
Suppose -2*n = -14 - 16. Calculate the remainder when 20 is divided by n.
5
Calculate the remainder when 16755 is divided by (3*2/12)/(89/6764).
35
Let j(l) = -l**2 - l - 2. Let i be j(3). What is the remainder when 136 is divided by (i/8)/(11/(-440))?
66
Suppose 4*f - 63 = f - 5*b, 0 = -5*b + b. Calculate the remainder when 2155 is divided by f.
13
Let u be (6/(-15) + 0)/((-6)/(-930)). Let y = u - -106. What is the remainder when y is divided by 24?
20
Let g(u) = -3*u**2 - u - 5. Let k be (2/4*0)/(2/2). Let v be g(k). Calculate the remainder when (v - (-161)/21)/(2/60) is divided by 41.
39
Suppose -5*y - 3*f = -864, 6*f + 701 = 4*y + 7*f. What is the remainder when 388 is divided by y?
34
Suppose -28*f = -16744 - 28868. What is the remainder when f is divided by 279?
234
Suppose 356*v = 302*v + 7290. Suppose d - 40 = -d. Calculate the remainder when v is divided by d.
15
Let o be 38/(-57)*12/(-2). Suppose -o*l = -0*l + 5*h - 163, l - 4*h = 46. Let w(u) = 19*u**2 + u - 1. What is the remainder when w(-3) is divided by l?
41
Let d = -1313 + 1991. Let h = -624 + d. What is the remainder when 255 is divided by h?
39
Let o = -213 + -35. Let u = o + 256. What is the remainder when 381/15 - (-2)/(-5) is divided by u?
1
Let r(l) = -l**2 - 9*l - 4. Let t(v) = v**2 + 9*v + 4. Let d be t(11). What is the remainder when d/6 - 40/(-60) is divided by r(-7)?
8
Suppose -441 = -2*z + p, 154*z - 151*z = -5*p + 642. Let l = -1 - -45. What is the remainder when z is divided by l?
43
Calculate the remainder when (-25366)/(-4)*(-486)/(-2673) is divided by 105.
103
Let u(f) = -f**3 + 13*f**2 - 12*f + 4. Let y(t) = t**2 + 6*t + 7. Let s be y(-4). Let o be ((-9)/15)/(s/20). What is the remainder whe